{"id":50,"date":"2025-09-30T20:49:00","date_gmt":"2025-09-30T18:49:00","guid":{"rendered":"http:\/\/www.josefino.eu\/?page_id=50"},"modified":"2026-01-03T21:43:30","modified_gmt":"2026-01-03T20:43:30","slug":"josefovy-vlacky","status":"publish","type":"page","link":"https:\/\/www.josefino.eu\/","title":{"rendered":"Josefovy vl\u00e1\u010dky"},"content":{"rendered":"\n<p class=\"has-text-align-center\" style=\"font-size:8px;font-style:normal;font-weight:500\"><span class=\"style22\" style=\"color: #ff6600;\"><strong><span style=\"font-size: large;\">zah\u00e1jil jsem postupn\u011b tvorbu www str\u00e1nek dnem 15.12.2016.<\/span><\/strong><\/span><\/p>\n\n\n\n<figure class=\"wp-block-table is-style-stripes has-small-font-size\"><table class=\"has-fixed-layout\"><tbody><tr><td class=\"has-text-align-center\" data-align=\"center\">Snaha je o zpracov\u00e1n\u00ed ve WordPressu, kter\u00fd je mi zat\u00edm st\u00e1le nezn\u00e1mou.<\/td><\/tr><\/tbody><\/table><\/figure>\n\n\n\n<p class=\"has-text-align-center wp-block-heading has-medium-font-size\" style=\"font-size:8px;font-style:normal;font-weight:200\"><span style=\"color: #008080;\"><span class=\"style22\"><span style=\"font-size: large;\">Zde jsou m\u00e9 p\u016fvodn\u00ed <\/span><\/span><\/span><a href=\"http:\/\/josefino.eu\/index-XXX.html\" target=\"_blank\" rel=\"noreferrer noopener\">www<\/a><span style=\"color: #008080;\"><span class=\"style22\"><span style=\"font-size: large;\">\u00a0str\u00e1nky a zat\u00edm v&nbsp;nich sem tam pokra\u010duji<\/span><\/span><\/span><\/p>\n\n\n\n<p class=\"has-text-align-center\" style=\"font-style:normal;font-weight:500\"><span style=\"color: #993366;\">Na www bych cht\u011bl uk\u00e1zat a n\u011bco ji\u017e ukazuji\u00a0 z&nbsp;m\u00e9ho koleji\u0161t\u011b a r\u016fzn\u00e9 postupy s&nbsp;p\u0159estavbami vag\u00f3nk\u016f, lokomotiv a jejich digitalizaci.<span class=\"style22\"><span style=\"font-size: large;\"><br><\/span><\/span>A chci, aby v&nbsp;<a href=\"https:\/\/www.josefino.eu\/uvod.html\" target=\"_blank\" rel=\"noreferrer noopener\">\u00favodu<\/a> bylo a je i info, co jsem a kdy p\u0159idal nebo vyrobil &#8230; Zat\u00edm dal\u0161\u00ed info o m\u00e9m koleji\u0161ti je na p\u016fvodn\u00edch str\u00e1nk\u00e1ch a na fejsb\u016fku, kde je v\u011bt\u0161\u00ed mno\u017estv\u00ed fotografi\u00ed z&nbsp;v\u00fdstavby panelu, m\u00e9ho vozov\u00e9ho parku a p\u0159estavby lokomotiv a vag\u00f3nk\u016f a p\u0159estavby koleji\u0161t\u011b z&nbsp;analogu na digit\u00e1l. U\u017e 3x v&nbsp;letech 2016 a 2017 nav\u0161t\u00edvili m\u00e9 p\u016fvodn\u00ed koleji\u0161t\u011b indi\u00e1ni, vytrhali n\u011bkter\u00e9 koleje a za pomoci Oldy \u0160etrn\u00e9ho (Drt\u00edc\u00ed ruka) znovu zam\u011b\u0159eno a vybudov\u00e1no. Bylo p\u0159id\u00e1no depo pro parn\u00ed lokomotivy, roz\u0161\u00ed\u0159eny odstavn\u00e9 koleje na pat\u0159e, aby se ve\u0161lo na &#8222;parkovi\u0161t\u011b&#8220; a\u017e 8 souprav.<\/span> <span style=\"color: #993366;\">A to bylo v&nbsp;letech 2016-19.\u00a0 A pak jaxi jsem se p\u0159est\u011bhoval a rozebral cel\u00e9 koleji\u0161t\u011b a za\u010dal jej stav\u011bt v\u0161e znova a to v&nbsp;digit\u00e1lu. A drob\u00e1tko v\u011bt\u0161\u00ed. Postupn\u011b p\u0159ibyl suter\u00e9n se 6-ti odstavn\u00fdmi kolejemi a d\u00e1le st\u0159edov\u00e1 \u010d\u00e1st koleji\u0161t\u011b se stoup\u00e1n\u00edm a n\u00e1dra\u017e\u00ed\u010dkem, statek s&nbsp;dobytkem, imitace rybn\u00edku s&nbsp;koupaj\u00edc\u00edmi. Jo a s\u00eddli\u0161t\u011b s&nbsp;Ba\u0165ov\u00fdmi domky. Jsou osv\u011btlen\u00e9 jako i ostatn\u00ed dome\u010dky v\u010detn\u011b rozhledny <\/span>.<\/p>\n\n\n\n<p class=\"has-text-align-center\" style=\"font-style:normal;font-weight:500\">&nbsp; <span style=\"color: #993366;\"> a v&nbsp;r. 2025 p\u0159ibyla je\u0161t\u011b to\u010dna pro 8 odstaven\u00fdch ma\u0161in a furt n\u011bco vylep\u0161uji. P\u0159epracoval jsem rybn\u00edk, drob\u00e1tko jej upravil a p\u0159idal jsem nudistickou <strong>pl\u00e1\u017e FKK<\/strong> a z\u00e1rove\u0148 \u0161m\u00edr\u00e1ka s&nbsp;kolem a na svahu paparaciho s&nbsp;fo\u0165\u00e1kem \ud83d\ude42<\/span><\/p>\n\n\n<div class=\"wp-block-image\">\n<figure class=\"aligncenter size-large\"><a href=\"https:\/\/www.josefino.eu\/wp-content\/uploads\/2025\/11\/20251115_232142.jpg\" target=\"_blank\" rel=\" noreferrer noopener\"><img loading=\"lazy\" decoding=\"async\" width=\"1280\" height=\"720\" src=\"https:\/\/www.josefino.eu\/wp-content\/uploads\/2025\/11\/20251115_232142-1280x720.jpg\" alt=\"\" class=\"wp-image-470\" srcset=\"https:\/\/www.josefino.eu\/wp-content\/uploads\/2025\/11\/20251115_232142-1280x720.jpg 1280w, https:\/\/www.josefino.eu\/wp-content\/uploads\/2025\/11\/20251115_232142-300x169.jpg 300w, https:\/\/www.josefino.eu\/wp-content\/uploads\/2025\/11\/20251115_232142-768x432.jpg 768w, https:\/\/www.josefino.eu\/wp-content\/uploads\/2025\/11\/20251115_232142-1536x864.jpg 1536w, https:\/\/www.josefino.eu\/wp-content\/uploads\/2025\/11\/20251115_232142-678x381.jpg 678w, https:\/\/www.josefino.eu\/wp-content\/uploads\/2025\/11\/20251115_232142.jpg 1750w\" sizes=\"auto, (max-width: 1280px) 100vw, 1280px\" \/><\/a><figcaption class=\"wp-element-caption\"><strong>foto z&nbsp;15.11.2025<\/strong><\/figcaption><\/figure>\n<\/div>\n\n\n<figure class=\"wp-block-image size-large\"><a href=\"https:\/\/www.josefino.eu\/wp-content\/uploads\/2025\/11\/20251115_232228.jpg\" target=\"_blank\" rel=\" noreferrer noopener\"><img loading=\"lazy\" decoding=\"async\" width=\"1280\" height=\"720\" src=\"https:\/\/www.josefino.eu\/wp-content\/uploads\/2025\/11\/20251115_232228-1280x720.jpg\" alt=\"\" class=\"wp-image-471\" srcset=\"https:\/\/www.josefino.eu\/wp-content\/uploads\/2025\/11\/20251115_232228-1280x720.jpg 1280w, https:\/\/www.josefino.eu\/wp-content\/uploads\/2025\/11\/20251115_232228-300x169.jpg 300w, https:\/\/www.josefino.eu\/wp-content\/uploads\/2025\/11\/20251115_232228-768x432.jpg 768w, https:\/\/www.josefino.eu\/wp-content\/uploads\/2025\/11\/20251115_232228-1536x864.jpg 1536w, https:\/\/www.josefino.eu\/wp-content\/uploads\/2025\/11\/20251115_232228-678x381.jpg 678w, https:\/\/www.josefino.eu\/wp-content\/uploads\/2025\/11\/20251115_232228.jpg 1750w\" sizes=\"auto, (max-width: 1280px) 100vw, 1280px\" \/><\/a><\/figure>\n\n\n<div class=\"wp-block-image\">\n<figure class=\"alignright size-full is-resized\"><img loading=\"lazy\" decoding=\"async\" width=\"608\" height=\"35\" src=\"https:\/\/www.josefino.eu\/wp-content\/uploads\/2026\/01\/mejlik.png\" alt=\"\" class=\"wp-image-547\" style=\"width:200px\" srcset=\"https:\/\/www.josefino.eu\/wp-content\/uploads\/2026\/01\/mejlik.png 608w, https:\/\/www.josefino.eu\/wp-content\/uploads\/2026\/01\/mejlik-300x17.png 300w\" sizes=\"auto, (max-width: 608px) 100vw, 608px\" \/><\/figure>\n<\/div>\n\n\n<div class=\"wp-block-columns is-layout-flex wp-container-core-columns-is-layout-9d6595d7 wp-block-columns-is-layout-flex\">\n<div class=\"wp-block-column is-layout-flow wp-block-column-is-layout-flow\"><\/div>\n<\/div>\n\n\n\n<p><\/p>\n","protected":false},"excerpt":{"rendered":"<div class=\"mh-excerpt\"><p>zah\u00e1jil jsem postupn\u011b tvorbu www str\u00e1nek dnem 15.12.2016. Snaha je o zpracov\u00e1n\u00ed ve WordPressu, kter\u00fd je mi zat\u00edm st\u00e1le nezn\u00e1mou. Zde jsou m\u00e9 p\u016fvodn\u00ed www\u00a0str\u00e1nky a zat\u00edm v&nbsp;nich sem tam <a class=\"mh-excerpt-more\" href=\"https:\/\/www.josefino.eu\/\" title=\"Josefovy vl\u00e1\u010dky\">[&#8230;]<\/a><\/p>\n<\/div>","protected":false},"author":1,"featured_media":207,"parent":0,"menu_order":0,"comment_status":"closed","ping_status":"closed","template":"","meta":{"footnotes":""},"class_list":["post-50","page","type-page","status-publish","has-post-thumbnail","hentry"],"_links":{"self":[{"href":"https:\/\/www.josefino.eu\/index.php?rest_route=\/wp\/v2\/pages\/50","targetHints":{"allow":["GET"]}}],"collection":[{"href":"https:\/\/www.josefino.eu\/index.php?rest_route=\/wp\/v2\/pages"}],"about":[{"href":"https:\/\/www.josefino.eu\/index.php?rest_route=\/wp\/v2\/types\/page"}],"author":[{"embeddable":true,"href":"https:\/\/www.josefino.eu\/index.php?rest_route=\/wp\/v2\/users\/1"}],"replies":[{"embeddable":true,"href":"https:\/\/www.josefino.eu\/index.php?rest_route=%2Fwp%2Fv2%2Fcomments&post=50"}],"version-history":[{"count":77,"href":"https:\/\/www.josefino.eu\/index.php?rest_route=\/wp\/v2\/pages\/50\/revisions"}],"predecessor-version":[{"id":549,"href":"https:\/\/www.josefino.eu\/index.php?rest_route=\/wp\/v2\/pages\/50\/revisions\/549"}],"wp:featuredmedia":[{"embeddable":true,"href":"https:\/\/www.josefino.eu\/index.php?rest_route=\/wp\/v2\/media\/207"}],"wp:attachment":[{"href":"https:\/\/www.josefino.eu\/index.php?rest_route=%2Fwp%2Fv2%2Fmedia&parent=50"}],"curies":[{"name":"wp","href":"https:\/\/api.w.org\/{rel}","templated":true}]}}